e (-31)/(-4) - (-1)/4. What is the greatest common factor of u and r?
8
Suppose -2*o + 0*o + 6 = 0. Suppose o*c = 5*h - 2*c - 630, -4*c + 630 = 5*h. What is the greatest common factor of 14 and h?
14
Let m = 168 + -113. Suppose -20 = -7*d + 3*d. Suppose d = -k, -3*h + 1 = 4*k + 6. Calculate the greatest common factor of h and m.
5
Let d = -41 + 46. Suppose -d*m + 5*b = -130, -32 + 7 = 5*b. What is the greatest common factor of m and 21?
21
Suppose 5*s = 3*s + 16. Suppose 4*y = s + 12. Suppose -y*a + 240 = -0*a. Calculate the highest common divisor of a and 12.
12
Let c(x) = 96*x + 2. Let o = 42 - 30. Let h be o/(-8) + (-10)/(-4). Let q be c(h). What is the highest common factor of q and 14?
14
Let w(m) = 45*m + 7. Let o be (-30)/(-9)*(-9)/(-6). Let d be w(o). What is the highest common factor of d and 29?
29
Suppose -270 = -6*u + 450. What is the greatest common divisor of u and 15?
15
Let y be (-2)/(-1) + -11 + 11. Suppose 3*o - i = -3*i + 2, -6 = -2*o + i. Suppose -o - y = -4*g. Calculate the highest common divisor of 4 and g.
1
Suppose 0 = -k + 1, -4*z = k - 12 - 5. Suppose 0 = 4*u - u + 5*m + z, 4*u - m - 33 = 0. Calculate the greatest common factor of 14 and u.
7
Suppose -2*q + b = 4*b + 19, -3*b + 6 = -3*q. Let h = q + 11. What is the highest common divisor of h and 48?
6
Suppose j - 40 = 6*m - 8*m, 3*j - 80 = 4*m. What is the greatest common divisor of j and 432?
16
Let i = 11 + -14. Let y = i + 5. Suppose 0*b + 24 = y*b. What is the highest common factor of 6 and b?
6
Let s(m) = -m**3 - 8*m**2 + 9*m - 5. Let p be s(-10). Suppose 0 = 4*j + 4*v - 76, 34 = 2*j + 5*v - 16. Calculate the highest common divisor of j and p.
15
Suppose -10*s = -8*s - 204. Suppose 0*p - 2*p = -s. Suppose 4*n - 44 = 5*i - i, -5*n + 4*i = -p. What is the greatest common factor of n and 7?
7
Let p be 8/(-40) - 631/(-5). Suppose -9 = -b + 3*c, -4*b + 2*c - 5*c = -96. Calculate the greatest common factor of b and p.
21
Suppose 5*o + 2*n - 1472 = 0, 2*n + n = 3. Suppose 11*x - o = 4*x. Calculate the greatest common factor of 7 and x.
7
Suppose -4*b + 612 = 4*l, -3*l + 2*l - 3*b + 155 = 0. Calculate the greatest common divisor of 418 and l.
38
Let s(g) = g**3 + 8*g**2 - 2*g - 12. Let t be s(-8). What is the highest common divisor of t and 4?
4
Suppose 2*t = -2*y + 34, 8 = y + 10. What is the greatest common divisor of 76 and t?
19
Let g = -10 + 24. Suppose h + 26 = -11*a + 15*a, -35 = -5*a. What is the greatest common divisor of g and h?
2
Suppose 245 = 43*h - 36*h. What is the highest common factor of 455 and h?
35
Suppose 210 = 2*o + 2*i, 0*o - 2*i + 315 = 3*o. Let r = 54 - -132. Let a = r - o. What is the greatest common divisor of a and 9?
9
Let u = -34 + 32. Let r be (4/(-5))/(u/45*3). What is the greatest common divisor of r and 12?
6
Let f = -111 - -391. What is the highest common divisor of 80 and f?
40
Suppose -w = -5, l - 22 = -2*l - 2*w. Suppose l*p - 5*c = 26, 2*c + 32 = 3*p + p. What is the greatest common divisor of p and 1?
1
Suppose 0 = 4*o - 4, 8 + 32 = 3*w - 2*o. Suppose y = 6*y - 70. What is the highest common divisor of y and w?
14
Let g = -150 - -166. Let w be 43 - (g/4 - 1). Suppose 6 - 14 = -z. Calculate the greatest common divisor of w and z.
8
Let l(i) = 2*i**2 + 33*i + 23. Let f be l(-16). Calculate the highest common divisor of 91 and f.
7
Let q(o) = -31*o**3 + o**2 + 2*o + 2. Let y be q(-1). Calculate the highest common factor of 352 and y.
32
Let h(g) = g**3 + 7*g**2 - 10*g - 12. Let n be h(-8). Let t = -44 - -95. Let c = t + n. What is the greatest common divisor of 22 and c?
11
Let n be 6 + 4 + -8 - (2 + -3). Let t be 5 - ((-2)/(-2))/1. Suppose t*j - 18 = j. What is the greatest common factor of j and n?
3
Let q be (((-506)/6 - -3) + 0)*6. Let m = -312 - q. What is the greatest common factor of 16 and m?
16
Suppose 5*w + 2452 = 2*v, -v + 2*w - 314 = -1538. Calculate the greatest common divisor of 128 and v.
64
Suppose -8*w - 84 = -420. Suppose w*c + 5 = 47*c. What is the highest common factor of 10 and c?
1
Let a be 4 + (11 - 5) + 59. Calculate the highest common divisor of a and 23.
23
Let k = -72 + 100. Suppose -5 = q, 0*f - 2*f + 4*q = -114. Let b = 75 - f. Calculate the highest common divisor of b and k.
28
Suppose -c + 3*j + j + 16 = 0, -4*c = 5*j - 85. Let q(x) = 4*x - 21. Let i be q(9). Let k = i - -15. Calculate the greatest common divisor of k and c.
10
Suppose -53 = -4*p - 5. What is the greatest common factor of p and 300?
12
Let i(f) = 2*f**2 + 7*f + 7. Let q be i(-5). Let l be (-45 + 1)/(-4)*(3 - 0). What is the highest common divisor of q and l?
11
Suppose 2*q + 3*y = 0, -3*q + 7 = y - 0*y. What is the greatest common factor of q and 75?
3
Let n be -6 - (-4 - 0) - -37. Let r be 6*(-2 - n/(-10)). Calculate the greatest common factor of r and 99.
9
Let t = -8 + 72. Suppose -t*w = -65*w + 2. What is the highest common divisor of 2 and w?
2
Suppose 4*z - 5*x + 23 = 0, -x = 4*z - 5 + 10. Let r be (120/9)/(z/(-6)). Calculate the greatest common factor of r and 4.
4
Suppose 3*y - y - 120 = -4*n, 2*n = 0. Suppose 2*w + 5*l = 27, 5*l + y = 4*w - 39. Let x be 42*(-1)/2*5*-1. Calculate the greatest common divisor of w and x.
21
Suppose 0 = 3*k - 2*k + 2*v - 422, 3*k - 1257 = -3*v. Calculate the highest common factor of k and 286.
26
Let w(x) = 2*x**2 + 48*x + 1344. Let o be w(0). Calculate the greatest common factor of o and 63.
21
Let m = 29 + -21. Let p = -6 + m. What is the highest common divisor of 3 and p?
1
Let s(j) be the first derivative of 1 + 6*j + 1/4*j**4 - 7/3*j**3 + 3*j**2. Let d be s(6). What is the highest common divisor of 54 and d?
6
Let x(k) = 2*k**2 - 2*k + 32. Let m be x(-7). What is the greatest common factor of m and 6?
6
Suppose 0 = 4*g + 8 - 48. Suppose 0 = 9*y - 7*y - 200. What is the greatest common factor of y and g?
10
Suppose 157 + 59 = 3*u. Suppose -41 = -41*b + 1927. Calculate the highest common factor of b and u.
24
Suppose -4*w = 26*w - 6630. What is the greatest common factor of 26 and w?
13
Let j be (0 + -32)*2*(-3)/12. Let x = -81 - -225. Calculate the highest common divisor of j and x.
16
Let w = 6 + -9. Let h be (w + 9/2)*24/18. What is the greatest common factor of 1 and h?
1
Let r be 2 - -8 - 1*2. Let p = 244 - 236. Calculate the highest common divisor of r and p.
8
Let w(c) = 10*c**3 + c**2 - c + 1. Let z be w(1). Suppose -5*a + 31 = -2*a - 2*l, 5*a - 2*l - 53 = 0. What is the greatest common factor of a and z?
11
Let z(q) = 5*q**3 + q**2 - 1. Let p be z(1). Let w(m) = 10*m - 5*m - 2*m - 1. Let b be w(2). Calculate the highest common factor of b and p.
5
Suppose 84 = u + 10. Suppose 10 = 2*d, 5*d = -4*t + 63 + u. What is the greatest common factor of 7 and t?
7
Suppose 3*x + 2*a = 20, -2*x - 2*a + 19 = 3. Suppose 28 = 2*k + x*g, -3*k + 4*g + 36 = -k. What is the highest common divisor of 16 and k?
16
Let h(c) = -26*c + 8. Let k be h(-3). Suppose -34 = -5*v + k. Calculate the highest common divisor of 192 and v.
24
Let f = 44 - 35. Let m = f + 3. Calculate the highest common divisor of 96 and m.
12
Let w = 95 - 67. Suppose 0 = -4*g - 5*l - 1509, 4*g + 2*l - 5*l + 1469 = 0. Let f = g + 623. What is the highest common divisor of w and f?
28
Suppose 0 = 5*s + 5632 - 262. Let r be s/(-14) + 4/14. Let x(c) = c**3 + 13*c**2 + 7. Let f be x(-13). Calculate the greatest common divisor of r and f.
7
Let x(r) = -5 - 2 + 8 + 0*r**3 + r**2 - r**3. Let j be x(-3). Suppose -2*c = f - j, -3*c - f + 73 = c. What is the highest common factor of 18 and c?
18
Suppose -14 + 59 = 3*d. Suppose 7*g - 422 = 418. Calculate the greatest common divisor of d and g.
15
Let k(q) = -q**2 - 11*q + 24. Let j be k(-13). Let o be 62/4*1/(j/(-12)). What is the highest common divisor of o and 31?
31
Let q = -26 + 31. Suppose 0 = q*u - 2*u - 6. Suppose 0 = 3*v - 2*z - 44, -z = u*v - 0*v - 20. What is the greatest common factor of v and 36?
12
Let y = -751 - -763. What is the greatest common factor of 516 and y?
12
Suppose -z = -114 - 104. Let g = 84 + z. Let h = g - 181. Calculate the highest common divisor of 11 and h.
11
Suppose -121 = -8*h - 441. Let k be (h/(-12))/(6/27). Calculate the highest common divisor of k and 165.
15
Let h(y) be the third derivative of -y**5/60 + 7*y**4/24 - y**3/2 - y**2. Let d = -59 + 65. Let x b